{"id":2873,"date":"2023-10-05T10:30:27","date_gmt":"2023-10-05T10:30:27","guid":{"rendered":"https:\/\/dreamy-chatterjee.217-160-225-155.plesk.page\/product\/tribeca\/"},"modified":"2025-05-14T11:46:42","modified_gmt":"2025-05-14T11:46:42","slug":"sillon-navarro-tapicerias-tribeca","status":"publish","type":"product","link":"https:\/\/masterpiel.com\/cat\/sillones-relax-electrico\/sillon-navarro-tapicerias-tribeca\/","title":{"rendered":"Butaca Tribeca NAVARRO TAPICERIAS"},"content":{"rendered":"<p>El sill\u00f3n de descanso Tribeca cuenta con medidas ajustadas le permitir\u00e1n pasarlo de estancia en estancia, ya que su ancho de 69 cm pasa por la mayor\u00eda de puertas.\u00a0El asiento continuo mejora el soporte de las piernas, debido a que los puntos de presi\u00f3n se distribuyen uniformemente.\u00a0Puede desenfundar las almohadas del respaldo y el asiento para su lavado (siga detenidamente las instrucciones de lavado de las tapicer\u00edas).\u00a0Podr\u00e1 elegir entre patas de madera de haya pulida o ruedas giratorias con superficie engomada (2 con freno), lo que evitar\u00e1 da\u00f1ar superficies delicadas como la tarima. El sill\u00f3n Tribeca es un sill\u00f3n reclinable multifunci\u00f3n con reposa piernas a la que podr\u00e1 incorporar, si lo desea, el sistema de reclinaci\u00f3n el\u00e9ctrico con un motor o con dos motores.\u00a0Esta opci\u00f3n de dos motores le permite controlar de forma independiente el soporte y lo reposa piernas.\u00a0Existe tambi\u00e9n la opci\u00f3n de elevaci\u00f3n con uno o dos motores, lo que facilitar\u00e1 la movilidad a la hora de levantarse.\u00a0Otra caracter\u00edstica de este sill\u00f3n es su cabezal ajustable, de f\u00e1cil accionamiento, que le dar\u00e1 mayor \u00e1ngulo de posici\u00f3n para la cabeza y cervicales, seg\u00fan el tipo de actividad que realizar\u00e1 (lectura, descanso, ver la TV\u2026). Le ofrecemos la posibilidad de incluir un mando con cable y bolsillo para facilitarle el control de las posiciones del sill\u00f3n, pudiendo tambi\u00e9n prescindir del bolsillo y elegir la opci\u00f3n mando con cable e im\u00e1n, que se sujetar\u00e1 c\u00f3modamente a lateral del apoyabrazos magn\u00e9ticamente.\u00a0Existe la opci\u00f3n de colocar el asiento de espuma de poliuretano inyectada en molde, lo que aporta una resistencia a la deformaci\u00f3n durante much\u00edsimos a\u00f1os.<\/p>","protected":false},"excerpt":{"rendered":"<p>El sill\u00f3n de descanso Tribeca cuenta con medidas ajustadas le permitir\u00e1n pasarlo de estancia en estancia, ya que su ancho de 69 cm pasa por la mayor\u00eda de puertas.\u00a0El asiento continuo mejora el soporte de las piernas, debido a que los puntos de presi\u00f3n se distribuyen uniformemente.\u00a0Puede desenfundar las almohadas del respaldo y el asiento para su lavado (siga detenidamente las instrucciones de lavado de las tapicer\u00edas).\u00a0Podr\u00e1 elegir entre patas de madera de haya pulida o ruedas giratorias con superficie engomada (2 con freno), lo que evitar\u00e1 da\u00f1ar superficies delicadas como la tarima. El sill\u00f3n Tribeca es un sill\u00f3n reclinable multifunci\u00f3n con reposa piernas a la que podr\u00e1 incorporar, si lo desea, el sistema de reclinaci\u00f3n el\u00e9ctrico con un motor o con dos motores.\u00a0Esta opci\u00f3n de dos motores le permite controlar de forma independiente el soporte y lo reposa piernas.\u00a0Existe tambi\u00e9n la opci\u00f3n de elevaci\u00f3n con uno o dos motores, lo que facilitar\u00e1 la movilidad a la hora de levantarse.\u00a0Otra caracter\u00edstica de este sill\u00f3n es su cabezal ajustable, de f\u00e1cil accionamiento, que le dar\u00e1 mayor \u00e1ngulo de posici\u00f3n para la cabeza y cervicales, seg\u00fan el tipo de actividad que realizar\u00e1 (lectura, descanso, ver la TV\u2026). Le ofrecemos la posibilidad de incluir un mando con cable y bolsillo para facilitarle el control de las posiciones del sill\u00f3n, pudiendo tambi\u00e9n prescindir del bolsillo y elegir la opci\u00f3n mando con cable e im\u00e1n, que se sujetar\u00e1 c\u00f3modamente a lateral del apoyabrazos magn\u00e9ticamente.\u00a0Existe la opci\u00f3n de colocar el asiento de espuma de poliuretano inyectada en molde, lo que aporta una resistencia a la deformaci\u00f3n durante much\u00edsimos a\u00f1os.<\/p>","protected":false},"featured_media":3403,"comment_status":"open","ping_status":"closed","template":"","meta":{"_acf_changed":false},"product_brand":[],"product_cat":[94,95,60],"product_tag":[69,96,97],"class_list":{"0":"post-2873","1":"product","2":"type-product","3":"status-publish","4":"has-post-thumbnail","6":"product_cat-sillones-relax","7":"product_cat-sillones-relax-electrico","8":"product_cat-sillones","9":"product_tag-navarro-tapicerias","10":"product_tag-sillones-relax","11":"product_tag-sillones-relax-electrico","13":"first","14":"instock","15":"shipping-taxable","16":"product-type-simple"},"acf":[],"_links":{"self":[{"href":"https:\/\/masterpiel.com\/cat\/wp-json\/wp\/v2\/product\/2873","targetHints":{"allow":["GET"]}}],"collection":[{"href":"https:\/\/masterpiel.com\/cat\/wp-json\/wp\/v2\/product"}],"about":[{"href":"https:\/\/masterpiel.com\/cat\/wp-json\/wp\/v2\/types\/product"}],"replies":[{"embeddable":true,"href":"https:\/\/masterpiel.com\/cat\/wp-json\/wp\/v2\/comments?post=2873"}],"version-history":[{"count":0,"href":"https:\/\/masterpiel.com\/cat\/wp-json\/wp\/v2\/product\/2873\/revisions"}],"wp:featuredmedia":[{"embeddable":true,"href":"https:\/\/masterpiel.com\/cat\/wp-json\/wp\/v2\/media\/3403"}],"wp:attachment":[{"href":"https:\/\/masterpiel.com\/cat\/wp-json\/wp\/v2\/media?parent=2873"}],"wp:term":[{"taxonomy":"product_brand","embeddable":true,"href":"https:\/\/masterpiel.com\/cat\/wp-json\/wp\/v2\/product_brand?post=2873"},{"taxonomy":"product_cat","embeddable":true,"href":"https:\/\/masterpiel.com\/cat\/wp-json\/wp\/v2\/product_cat?post=2873"},{"taxonomy":"product_tag","embeddable":true,"href":"https:\/\/masterpiel.com\/cat\/wp-json\/wp\/v2\/product_tag?post=2873"}],"curies":[{"name":"wp","href":"https:\/\/api.w.org\/{rel}","templated":true}]}}