{"id":2893,"date":"2023-10-05T10:30:33","date_gmt":"2023-10-05T10:30:33","guid":{"rendered":"https:\/\/dreamy-chatterjee.217-160-225-155.plesk.page\/product\/rome\/"},"modified":"2025-07-24T08:17:42","modified_gmt":"2025-07-24T08:17:42","slug":"sillon-stressless-rome","status":"publish","type":"product","link":"https:\/\/masterpiel.com\/cat\/sillones-relax-electrico\/sillon-stressless-rome\/","title":{"rendered":"Butaca Roma STRESSLESS"},"content":{"rendered":"<p>La sensaci\u00f3n de bienestar se origina en el justo equilibrio entre actividad y descanso. Con Stressless\u00ae Rome y sus caracter\u00edsticas de confort, nunca ha sido tan f\u00e1cil recostarse y recargar energ\u00edas. El sill\u00f3n reclinable se adapta din\u00e1micamente incluso a los movimientos m\u00e1s peque\u00f1os del cuerpo y, al mismo tiempo, proporciona la cantidad justa de apoyo.<\/p>","protected":false},"excerpt":{"rendered":"<p>La sensaci\u00f3n de bienestar se origina en el justo equilibrio entre actividad y descanso. Con Stressless\u00ae Rome y sus caracter\u00edsticas de confort, nunca ha sido tan f\u00e1cil recostarse y recargar energ\u00edas. El sill\u00f3n reclinable se adapta din\u00e1micamente incluso a los movimientos m\u00e1s peque\u00f1os del cuerpo y, al mismo tiempo, proporciona la cantidad justa de apoyo.<\/p>","protected":false},"featured_media":3884,"comment_status":"open","ping_status":"closed","template":"","meta":{"_acf_changed":false},"product_brand":[124],"product_cat":[94,95,60],"product_tag":[113,96,97,63],"class_list":{"0":"post-2893","1":"product","2":"type-product","3":"status-publish","4":"has-post-thumbnail","6":"product_brand-stressless","7":"product_cat-sillones-relax","8":"product_cat-sillones-relax-electrico","9":"product_cat-sillones","10":"product_tag-sillon-stressless","11":"product_tag-sillones-relax","12":"product_tag-sillones-relax-electrico","13":"product_tag-stressless","15":"first","16":"instock","17":"shipping-taxable","18":"product-type-simple"},"acf":[],"_links":{"self":[{"href":"https:\/\/masterpiel.com\/cat\/wp-json\/wp\/v2\/product\/2893","targetHints":{"allow":["GET"]}}],"collection":[{"href":"https:\/\/masterpiel.com\/cat\/wp-json\/wp\/v2\/product"}],"about":[{"href":"https:\/\/masterpiel.com\/cat\/wp-json\/wp\/v2\/types\/product"}],"replies":[{"embeddable":true,"href":"https:\/\/masterpiel.com\/cat\/wp-json\/wp\/v2\/comments?post=2893"}],"version-history":[{"count":0,"href":"https:\/\/masterpiel.com\/cat\/wp-json\/wp\/v2\/product\/2893\/revisions"}],"wp:featuredmedia":[{"embeddable":true,"href":"https:\/\/masterpiel.com\/cat\/wp-json\/wp\/v2\/media\/3884"}],"wp:attachment":[{"href":"https:\/\/masterpiel.com\/cat\/wp-json\/wp\/v2\/media?parent=2893"}],"wp:term":[{"taxonomy":"product_brand","embeddable":true,"href":"https:\/\/masterpiel.com\/cat\/wp-json\/wp\/v2\/product_brand?post=2893"},{"taxonomy":"product_cat","embeddable":true,"href":"https:\/\/masterpiel.com\/cat\/wp-json\/wp\/v2\/product_cat?post=2893"},{"taxonomy":"product_tag","embeddable":true,"href":"https:\/\/masterpiel.com\/cat\/wp-json\/wp\/v2\/product_tag?post=2893"}],"curies":[{"name":"wp","href":"https:\/\/api.w.org\/{rel}","templated":true}]}}