{"id":2923,"date":"2023-10-05T10:30:39","date_gmt":"2023-10-05T10:30:39","guid":{"rendered":"https:\/\/dreamy-chatterjee.217-160-225-155.plesk.page\/product\/ruby\/"},"modified":"2025-07-24T08:16:34","modified_gmt":"2025-07-24T08:16:34","slug":"sillon-stressless-ruby","status":"publish","type":"product","link":"https:\/\/masterpiel.com\/cat\/sillones-relax-electrico\/sillon-stressless-ruby\/","title":{"rendered":"Butaca Rub\u00ed STRESSLESS"},"content":{"rendered":"<p>Tal y como sugiere su nombre, el Stressless Ruby ser\u00e1, sin duda, el sill\u00f3n favorito de todos en su hogar. Su contorno suavemente redondeado y sofisticado con el que se presenta el Stressless Ruby ofrecer\u00e1 un asiento s\u00faper c\u00f3modo en cualquier habitaci\u00f3n. Y adem\u00e1s ofrece todos los elementos de confort de Stressless. Un replanteamiento de la relajaci\u00f3n. A menos que veas un modelo antiguo y otro nuevo, uno al lado del otro, del Stressless\u00ae\u00a0Ruby, te ser\u00e1 casi imposible percibir desde el exterior que ha sido sometido a una importante mejora de su confort. Y lo que es m\u00e1s importante, se ha a\u00f1adido m\u00e1s espuma y acolchado en puntos estrat\u00e9gicos para elevar su comodidad a un nuevo nivel. El respaldo ofrece ahora un apoyo adicional, mientras que el asiento se ha redise\u00f1ado pensando en la ergonom\u00eda y se le ha dotado de amortiguaci\u00f3n adicional. Al sentarte, lo comprender\u00e1s a la perfecci\u00f3n: una de las experiencias en posici\u00f3n sentada m\u00e1s c\u00f3modas del mundo ha dado ahora un nuevo paso hacia la perfecci\u00f3n.<\/p>","protected":false},"excerpt":{"rendered":"<p>Tal y como sugiere su nombre, el Stressless Ruby ser\u00e1, sin duda, el sill\u00f3n favorito de todos en su hogar. Su contorno suavemente redondeado y sofisticado con el que se presenta el Stressless Ruby ofrecer\u00e1 un asiento s\u00faper c\u00f3modo en cualquier habitaci\u00f3n. Y adem\u00e1s ofrece todos los elementos de confort de Stressless. Un replanteamiento de la relajaci\u00f3n. A menos que veas un modelo antiguo y otro nuevo, uno al lado del otro, del Stressless\u00ae\u00a0Ruby, te ser\u00e1 casi imposible percibir desde el exterior que ha sido sometido a una importante mejora de su confort. Y lo que es m\u00e1s importante, se ha a\u00f1adido m\u00e1s espuma y acolchado en puntos estrat\u00e9gicos para elevar su comodidad a un nuevo nivel. El respaldo ofrece ahora un apoyo adicional, mientras que el asiento se ha redise\u00f1ado pensando en la ergonom\u00eda y se le ha dotado de amortiguaci\u00f3n adicional. Al sentarte, lo comprender\u00e1s a la perfecci\u00f3n: una de las experiencias en posici\u00f3n sentada m\u00e1s c\u00f3modas del mundo ha dado ahora un nuevo paso hacia la perfecci\u00f3n.<\/p>","protected":false},"featured_media":3887,"comment_status":"open","ping_status":"closed","template":"","meta":{"_acf_changed":false},"product_brand":[124],"product_cat":[94,95,60],"product_tag":[113,96,97,63],"class_list":{"0":"post-2923","1":"product","2":"type-product","3":"status-publish","4":"has-post-thumbnail","6":"product_brand-stressless","7":"product_cat-sillones-relax","8":"product_cat-sillones-relax-electrico","9":"product_cat-sillones","10":"product_tag-sillon-stressless","11":"product_tag-sillones-relax","12":"product_tag-sillones-relax-electrico","13":"product_tag-stressless","15":"first","16":"instock","17":"shipping-taxable","18":"product-type-simple"},"acf":[],"_links":{"self":[{"href":"https:\/\/masterpiel.com\/cat\/wp-json\/wp\/v2\/product\/2923","targetHints":{"allow":["GET"]}}],"collection":[{"href":"https:\/\/masterpiel.com\/cat\/wp-json\/wp\/v2\/product"}],"about":[{"href":"https:\/\/masterpiel.com\/cat\/wp-json\/wp\/v2\/types\/product"}],"replies":[{"embeddable":true,"href":"https:\/\/masterpiel.com\/cat\/wp-json\/wp\/v2\/comments?post=2923"}],"version-history":[{"count":0,"href":"https:\/\/masterpiel.com\/cat\/wp-json\/wp\/v2\/product\/2923\/revisions"}],"wp:featuredmedia":[{"embeddable":true,"href":"https:\/\/masterpiel.com\/cat\/wp-json\/wp\/v2\/media\/3887"}],"wp:attachment":[{"href":"https:\/\/masterpiel.com\/cat\/wp-json\/wp\/v2\/media?parent=2923"}],"wp:term":[{"taxonomy":"product_brand","embeddable":true,"href":"https:\/\/masterpiel.com\/cat\/wp-json\/wp\/v2\/product_brand?post=2923"},{"taxonomy":"product_cat","embeddable":true,"href":"https:\/\/masterpiel.com\/cat\/wp-json\/wp\/v2\/product_cat?post=2923"},{"taxonomy":"product_tag","embeddable":true,"href":"https:\/\/masterpiel.com\/cat\/wp-json\/wp\/v2\/product_tag?post=2923"}],"curies":[{"name":"wp","href":"https:\/\/api.w.org\/{rel}","templated":true}]}}