{"id":2866,"date":"2023-10-05T10:30:27","date_gmt":"2023-10-05T10:30:27","guid":{"rendered":"https:\/\/dreamy-chatterjee.217-160-225-155.plesk.page\/product\/sunrise\/"},"modified":"2025-07-24T08:19:15","modified_gmt":"2025-07-24T08:19:15","slug":"sillon-stressless-sunrise","status":"publish","type":"product","link":"https:\/\/masterpiel.com\/esp\/sillones-relax-electrico\/sillon-stressless-sunrise\/","title":{"rendered":"Sill\u00f3n Sunrise STRESSLESS"},"content":{"rendered":"<p>El dise\u00f1o cl\u00e1sico del Stressless Sunrise le ofrece todo lo que necesita cuando se sienta en \u00e9l.\u00a0Comodidad perfecta.\u00a0Todos los sillones de Stressless son en realidad un instrumento de precisi\u00f3n mec\u00e1nica que incluyen todas las patentes y funciones caracter\u00edsticas de la marca para proporcionarle la m\u00e1xima comodidad del mundo.<\/p>\n","protected":false},"excerpt":{"rendered":"<p>El dise\u00f1o cl\u00e1sico del Stressless Sunrise le ofrece todo lo que necesita cuando se sienta en \u00e9l.\u00a0Comodidad perfecta.\u00a0Todos los sillones de Stressless son en realidad un instrumento de precisi\u00f3n mec\u00e1nica que incluyen todas las patentes y funciones caracter\u00edsticas de la marca para proporcionarle la m\u00e1xima comodidad del mundo.<\/p>\n","protected":false},"featured_media":3400,"comment_status":"open","ping_status":"closed","template":"","meta":{"_acf_changed":false},"product_brand":[124],"product_cat":[94,95,60],"product_tag":[113,96,97,63],"class_list":{"0":"post-2866","1":"product","2":"type-product","3":"status-publish","4":"has-post-thumbnail","6":"product_brand-stressless","7":"product_cat-sillones-relax","8":"product_cat-sillones-relax-electrico","9":"product_cat-sillones","10":"product_tag-sillon-stressless","11":"product_tag-sillones-relax","12":"product_tag-sillones-relax-electrico","13":"product_tag-stressless","15":"first","16":"instock","17":"shipping-taxable","18":"product-type-simple"},"acf":[],"_links":{"self":[{"href":"https:\/\/masterpiel.com\/esp\/wp-json\/wp\/v2\/product\/2866","targetHints":{"allow":["GET"]}}],"collection":[{"href":"https:\/\/masterpiel.com\/esp\/wp-json\/wp\/v2\/product"}],"about":[{"href":"https:\/\/masterpiel.com\/esp\/wp-json\/wp\/v2\/types\/product"}],"replies":[{"embeddable":true,"href":"https:\/\/masterpiel.com\/esp\/wp-json\/wp\/v2\/comments?post=2866"}],"version-history":[{"count":0,"href":"https:\/\/masterpiel.com\/esp\/wp-json\/wp\/v2\/product\/2866\/revisions"}],"wp:featuredmedia":[{"embeddable":true,"href":"https:\/\/masterpiel.com\/esp\/wp-json\/wp\/v2\/media\/3400"}],"wp:attachment":[{"href":"https:\/\/masterpiel.com\/esp\/wp-json\/wp\/v2\/media?parent=2866"}],"wp:term":[{"taxonomy":"product_brand","embeddable":true,"href":"https:\/\/masterpiel.com\/esp\/wp-json\/wp\/v2\/product_brand?post=2866"},{"taxonomy":"product_cat","embeddable":true,"href":"https:\/\/masterpiel.com\/esp\/wp-json\/wp\/v2\/product_cat?post=2866"},{"taxonomy":"product_tag","embeddable":true,"href":"https:\/\/masterpiel.com\/esp\/wp-json\/wp\/v2\/product_tag?post=2866"}],"curies":[{"name":"wp","href":"https:\/\/api.w.org\/{rel}","templated":true}]}}