{"id":2875,"date":"2023-10-05T10:30:27","date_gmt":"2023-10-05T10:30:27","guid":{"rendered":"https:\/\/dreamy-chatterjee.217-160-225-155.plesk.page\/product\/mayfair\/"},"modified":"2025-07-24T08:17:57","modified_gmt":"2025-07-24T08:17:57","slug":"sillon-stressless-mayfair","status":"publish","type":"product","link":"https:\/\/masterpiel.com\/esp\/sillones\/sillon-stressless-mayfair\/","title":{"rendered":"Sill\u00f3n Mayfair STRESSLESS"},"content":{"rendered":"<p>Elegante y desenfadado, el Stressless Mayfair ofrece la cl\u00e1sica imagen de Stressless.\u00a0El acolchado es extra suave y confortable, contribuyendo a convertir este sill\u00f3n en un superventas.\u00a0La combinaci\u00f3n de un dise\u00f1o cl\u00e1sico con una vanguardista tecnolog\u00eda de confort consiguen convertirlo en un excelente representante del reconocido confort de Stressless<\/p>\n","protected":false},"excerpt":{"rendered":"<p>Elegante y desenfadado, el Stressless Mayfair ofrece la cl\u00e1sica imagen de Stressless.\u00a0El acolchado es extra suave y confortable, contribuyendo a convertir este sill\u00f3n en un superventas.\u00a0La combinaci\u00f3n de un dise\u00f1o cl\u00e1sico con una vanguardista tecnolog\u00eda de confort consiguen convertirlo en un excelente representante del reconocido confort de Stressless<\/p>\n","protected":false},"featured_media":3392,"comment_status":"open","ping_status":"closed","template":"","meta":{"_acf_changed":false},"product_brand":[124],"product_cat":[60],"product_tag":[113,96,97,63],"class_list":{"0":"post-2875","1":"product","2":"type-product","3":"status-publish","4":"has-post-thumbnail","6":"product_brand-stressless","7":"product_cat-sillones","8":"product_tag-sillon-stressless","9":"product_tag-sillones-relax","10":"product_tag-sillones-relax-electrico","11":"product_tag-stressless","13":"first","14":"instock","15":"shipping-taxable","16":"product-type-simple"},"acf":[],"_links":{"self":[{"href":"https:\/\/masterpiel.com\/esp\/wp-json\/wp\/v2\/product\/2875","targetHints":{"allow":["GET"]}}],"collection":[{"href":"https:\/\/masterpiel.com\/esp\/wp-json\/wp\/v2\/product"}],"about":[{"href":"https:\/\/masterpiel.com\/esp\/wp-json\/wp\/v2\/types\/product"}],"replies":[{"embeddable":true,"href":"https:\/\/masterpiel.com\/esp\/wp-json\/wp\/v2\/comments?post=2875"}],"version-history":[{"count":0,"href":"https:\/\/masterpiel.com\/esp\/wp-json\/wp\/v2\/product\/2875\/revisions"}],"wp:featuredmedia":[{"embeddable":true,"href":"https:\/\/masterpiel.com\/esp\/wp-json\/wp\/v2\/media\/3392"}],"wp:attachment":[{"href":"https:\/\/masterpiel.com\/esp\/wp-json\/wp\/v2\/media?parent=2875"}],"wp:term":[{"taxonomy":"product_brand","embeddable":true,"href":"https:\/\/masterpiel.com\/esp\/wp-json\/wp\/v2\/product_brand?post=2875"},{"taxonomy":"product_cat","embeddable":true,"href":"https:\/\/masterpiel.com\/esp\/wp-json\/wp\/v2\/product_cat?post=2875"},{"taxonomy":"product_tag","embeddable":true,"href":"https:\/\/masterpiel.com\/esp\/wp-json\/wp\/v2\/product_tag?post=2875"}],"curies":[{"name":"wp","href":"https:\/\/api.w.org\/{rel}","templated":true}]}}