{"id":2894,"date":"2023-10-05T10:30:33","date_gmt":"2023-10-05T10:30:33","guid":{"rendered":"https:\/\/dreamy-chatterjee.217-160-225-155.plesk.page\/product\/annie\/"},"modified":"2025-05-14T11:46:43","modified_gmt":"2025-05-14T11:46:43","slug":"silla-annie-calligaris","status":"publish","type":"product","link":"https:\/\/masterpiel.com\/esp\/sillas\/silla-annie-calligaris\/","title":{"rendered":"Silla Annie CALLIGARIS"},"content":{"rendered":"<p>La silla modelo ANNIE propone una nueva interpretaci\u00f3n de la convivialidad.\u00a0Su base en relieve est\u00e1 fabricada en metal, mientras que el armaz\u00f3n amplio y confortable, est\u00e1 acolchado y revestido de piel, piel sint\u00e9tica o tejido.\u00a0ANNIE es ideal para el comedor o para salas de reuni\u00f3n y ambientes contract.\u00a0Descubre los detalles de ANNIE.<\/p>\n","protected":false},"excerpt":{"rendered":"<p>La silla modelo ANNIE propone una nueva interpretaci\u00f3n de la convivialidad.\u00a0Su base en relieve est\u00e1 fabricada en metal, mientras que el armaz\u00f3n amplio y confortable, est\u00e1 acolchado y revestido de piel, piel sint\u00e9tica o tejido.\u00a0ANNIE es ideal para el comedor o para salas de reuni\u00f3n y ambientes contract.\u00a0Descubre los detalles de ANNIE.<\/p>\n","protected":false},"featured_media":3469,"comment_status":"open","ping_status":"closed","template":"","meta":{"_acf_changed":false},"product_brand":[],"product_cat":[59],"product_tag":[107],"class_list":{"0":"post-2894","1":"product","2":"type-product","3":"status-publish","4":"has-post-thumbnail","6":"product_cat-sillas","7":"product_tag-silla-calligaris","9":"first","10":"instock","11":"shipping-taxable","12":"product-type-simple"},"acf":[],"_links":{"self":[{"href":"https:\/\/masterpiel.com\/esp\/wp-json\/wp\/v2\/product\/2894","targetHints":{"allow":["GET"]}}],"collection":[{"href":"https:\/\/masterpiel.com\/esp\/wp-json\/wp\/v2\/product"}],"about":[{"href":"https:\/\/masterpiel.com\/esp\/wp-json\/wp\/v2\/types\/product"}],"replies":[{"embeddable":true,"href":"https:\/\/masterpiel.com\/esp\/wp-json\/wp\/v2\/comments?post=2894"}],"version-history":[{"count":0,"href":"https:\/\/masterpiel.com\/esp\/wp-json\/wp\/v2\/product\/2894\/revisions"}],"wp:featuredmedia":[{"embeddable":true,"href":"https:\/\/masterpiel.com\/esp\/wp-json\/wp\/v2\/media\/3469"}],"wp:attachment":[{"href":"https:\/\/masterpiel.com\/esp\/wp-json\/wp\/v2\/media?parent=2894"}],"wp:term":[{"taxonomy":"product_brand","embeddable":true,"href":"https:\/\/masterpiel.com\/esp\/wp-json\/wp\/v2\/product_brand?post=2894"},{"taxonomy":"product_cat","embeddable":true,"href":"https:\/\/masterpiel.com\/esp\/wp-json\/wp\/v2\/product_cat?post=2894"},{"taxonomy":"product_tag","embeddable":true,"href":"https:\/\/masterpiel.com\/esp\/wp-json\/wp\/v2\/product_tag?post=2894"}],"curies":[{"name":"wp","href":"https:\/\/api.w.org\/{rel}","templated":true}]}}