{"id":2917,"date":"2023-10-05T10:30:38","date_gmt":"2023-10-05T10:30:38","guid":{"rendered":"https:\/\/dreamy-chatterjee.217-160-225-155.plesk.page\/product\/derby-prime\/"},"modified":"2025-05-14T11:46:43","modified_gmt":"2025-05-14T11:46:43","slug":"sillon-navarro-tapicerias-derby-prime","status":"publish","type":"product","link":"https:\/\/masterpiel.com\/esp\/sillones-relax-electrico\/sillon-navarro-tapicerias-derby-prime\/","title":{"rendered":"Sill\u00f3n Derby Prime NAVARRO TAPICERIAS"},"content":{"rendered":"<p>Sill\u00f3n orejero de relax el\u00e9ctrico con elevaci\u00f3n doble motor independiente.\u00a0Botonera lux, pies de madera color wengue, revestido en ropa lido 03 piedra, esta nueva tela de textura ligera y tacto suave y agradable incorpora un nuevo tratamiento antimanchas compuesto de Tefl\u00f3n\u2122 lo que facilita la limpieza en caso de alguna peque\u00f1a mancha. El sill\u00f3n Derby presenta las cualidades de un sill\u00f3n y podr\u00e1 disponer de \u00e9l tanto en ambientes modernos como cl\u00e1sicos.\u00a0El asiento continuo es desenfundable para que le sea m\u00e1s f\u00e1cil lavarlo.\u00a0La estructura del sill\u00f3n est\u00e1 compuesta por madera de pino maciza y tablero de MDF.\u00a0El bastidor de asiento, en cambio, est\u00e1 fabricado en madera de haya para aportar mayor durabilidad y fortaleza al mecanismo.\u00a0La suspensi\u00f3n se realiza con cincha el\u00e1stica de 80 mil\u00edmetros y el cosido est\u00e1 reforzado con pesta\u00f1a.\u00a0Las patas son de madera de haya pulida.\u00a0Entre las m\u00faltiples opciones podr\u00e1 elegir entre botonera integrada o mando al cable, o incorporar una bater\u00eda Ni-Mh en lugar del transformador.<\/p>\n","protected":false},"excerpt":{"rendered":"<p>Sill\u00f3n orejero de relax el\u00e9ctrico con elevaci\u00f3n doble motor independiente.\u00a0Botonera lux, pies de madera color wengue, revestido en ropa lido 03 piedra, esta nueva tela de textura ligera y tacto suave y agradable incorpora un nuevo tratamiento antimanchas compuesto de Tefl\u00f3n\u2122 lo que facilita la limpieza en caso de alguna peque\u00f1a mancha. El sill\u00f3n Derby presenta las cualidades de un sill\u00f3n y podr\u00e1 disponer de \u00e9l tanto en ambientes modernos como cl\u00e1sicos.\u00a0El asiento continuo es desenfundable para que le sea m\u00e1s f\u00e1cil lavarlo.\u00a0La estructura del sill\u00f3n est\u00e1 compuesta por madera de pino maciza y tablero de MDF.\u00a0El bastidor de asiento, en cambio, est\u00e1 fabricado en madera de haya para aportar mayor durabilidad y fortaleza al mecanismo.\u00a0La suspensi\u00f3n se realiza con cincha el\u00e1stica de 80 mil\u00edmetros y el cosido est\u00e1 reforzado con pesta\u00f1a.\u00a0Las patas son de madera de haya pulida.\u00a0Entre las m\u00faltiples opciones podr\u00e1 elegir entre botonera integrada o mando al cable, o incorporar una bater\u00eda Ni-Mh en lugar del transformador.<\/p>\n","protected":false},"featured_media":3365,"comment_status":"open","ping_status":"closed","template":"","meta":{"_acf_changed":false},"product_brand":[],"product_cat":[94,95,60],"product_tag":[69,96,97],"class_list":{"0":"post-2917","1":"product","2":"type-product","3":"status-publish","4":"has-post-thumbnail","6":"product_cat-sillones-relax","7":"product_cat-sillones-relax-electrico","8":"product_cat-sillones","9":"product_tag-navarro-tapicerias","10":"product_tag-sillones-relax","11":"product_tag-sillones-relax-electrico","13":"first","14":"instock","15":"shipping-taxable","16":"product-type-simple"},"acf":[],"_links":{"self":[{"href":"https:\/\/masterpiel.com\/esp\/wp-json\/wp\/v2\/product\/2917","targetHints":{"allow":["GET"]}}],"collection":[{"href":"https:\/\/masterpiel.com\/esp\/wp-json\/wp\/v2\/product"}],"about":[{"href":"https:\/\/masterpiel.com\/esp\/wp-json\/wp\/v2\/types\/product"}],"replies":[{"embeddable":true,"href":"https:\/\/masterpiel.com\/esp\/wp-json\/wp\/v2\/comments?post=2917"}],"version-history":[{"count":0,"href":"https:\/\/masterpiel.com\/esp\/wp-json\/wp\/v2\/product\/2917\/revisions"}],"wp:featuredmedia":[{"embeddable":true,"href":"https:\/\/masterpiel.com\/esp\/wp-json\/wp\/v2\/media\/3365"}],"wp:attachment":[{"href":"https:\/\/masterpiel.com\/esp\/wp-json\/wp\/v2\/media?parent=2917"}],"wp:term":[{"taxonomy":"product_brand","embeddable":true,"href":"https:\/\/masterpiel.com\/esp\/wp-json\/wp\/v2\/product_brand?post=2917"},{"taxonomy":"product_cat","embeddable":true,"href":"https:\/\/masterpiel.com\/esp\/wp-json\/wp\/v2\/product_cat?post=2917"},{"taxonomy":"product_tag","embeddable":true,"href":"https:\/\/masterpiel.com\/esp\/wp-json\/wp\/v2\/product_tag?post=2917"}],"curies":[{"name":"wp","href":"https:\/\/api.w.org\/{rel}","templated":true}]}}