{"id":6000,"date":"2024-07-08T06:51:14","date_gmt":"2024-07-08T06:51:14","guid":{"rendered":"https:\/\/ecstatic-wu.212-227-85-77.plesk.page\/?post_type=product&#038;p=6000"},"modified":"2025-09-16T15:40:53","modified_gmt":"2025-09-16T15:40:53","slug":"sofa-kobe","status":"publish","type":"product","link":"https:\/\/masterpiel.com\/esp\/imagine-outlet\/sofa-kobe\/","title":{"rendered":"Sof\u00e1 Kobe"},"content":{"rendered":"<p>Gracias a su dise\u00f1o \u00fanico y diferencial repleto de matices orientales, esta pieza es capaz de colmar de originalidad cualquier ambiente. M\u00e1s all\u00e1 de su incre\u00edble dise\u00f1o, apostar por\u00a0Kobe\u00a0es sin\u00f3nimo de comodidad.<\/p>\n","protected":false},"excerpt":{"rendered":"<p>Gracias a su dise\u00f1o \u00fanico y diferencial repleto de matices orientales, esta pieza es capaz de colmar de originalidad cualquier ambiente. M\u00e1s all\u00e1 de su incre\u00edble dise\u00f1o, apostar por\u00a0Kobe\u00a0es sin\u00f3nimo de comodidad.<\/p>\n","protected":false},"featured_media":7426,"comment_status":"open","ping_status":"closed","template":"","meta":{"_acf_changed":false},"product_brand":[],"product_cat":[131],"product_tag":[110],"class_list":{"0":"post-6000","1":"product","2":"type-product","3":"status-publish","4":"has-post-thumbnail","6":"product_cat-imagine-outlet","7":"product_tag-sofa-outlet","9":"first","10":"instock","11":"sale","12":"shipping-taxable","13":"purchasable","14":"product-type-simple"},"acf":[],"_links":{"self":[{"href":"https:\/\/masterpiel.com\/esp\/wp-json\/wp\/v2\/product\/6000","targetHints":{"allow":["GET"]}}],"collection":[{"href":"https:\/\/masterpiel.com\/esp\/wp-json\/wp\/v2\/product"}],"about":[{"href":"https:\/\/masterpiel.com\/esp\/wp-json\/wp\/v2\/types\/product"}],"replies":[{"embeddable":true,"href":"https:\/\/masterpiel.com\/esp\/wp-json\/wp\/v2\/comments?post=6000"}],"version-history":[{"count":0,"href":"https:\/\/masterpiel.com\/esp\/wp-json\/wp\/v2\/product\/6000\/revisions"}],"wp:featuredmedia":[{"embeddable":true,"href":"https:\/\/masterpiel.com\/esp\/wp-json\/wp\/v2\/media\/7426"}],"wp:attachment":[{"href":"https:\/\/masterpiel.com\/esp\/wp-json\/wp\/v2\/media?parent=6000"}],"wp:term":[{"taxonomy":"product_brand","embeddable":true,"href":"https:\/\/masterpiel.com\/esp\/wp-json\/wp\/v2\/product_brand?post=6000"},{"taxonomy":"product_cat","embeddable":true,"href":"https:\/\/masterpiel.com\/esp\/wp-json\/wp\/v2\/product_cat?post=6000"},{"taxonomy":"product_tag","embeddable":true,"href":"https:\/\/masterpiel.com\/esp\/wp-json\/wp\/v2\/product_tag?post=6000"}],"curies":[{"name":"wp","href":"https:\/\/api.w.org\/{rel}","templated":true}]}}