{"id":6842,"date":"2025-04-15T08:42:38","date_gmt":"2025-04-15T08:42:38","guid":{"rendered":"https:\/\/masterpiel.com\/sin%20categor\u00eda\/coleccion-lauki\/"},"modified":"2025-05-14T11:46:45","modified_gmt":"2025-05-14T11:46:45","slug":"coleccion-lauki","status":"publish","type":"product","link":"https:\/\/masterpiel.com\/esp\/aparadores\/coleccion-lauki\/","title":{"rendered":"Colecci\u00f3n Lauki"},"content":{"rendered":"<p>La colecci\u00f3n Lauki est\u00e1 compuesta de m\u00faltiples cajas que se pueden colocar en el suelo, apilar entre ellas y colgar a la pared. Adem\u00e1s, se ofrecen en una gran cantidad de medidas, acabados y funciones (cajones, puertas, m\u00f3dulos abiertos\u2026). Todo ello permite crear infinidad de configuraciones v\u00e1lidas para cualquier estancia. Por ejemplo, un solo m\u00f3dulo puede ser utilizado como mesilla al lado de una cama o como cajonera para una oficina. Con unos pocos m\u00f3dulos podemos configurar una soluci\u00f3n para el recibidor o cualquier otro rinc\u00f3n de la casa. Y con varios m\u00f3dulos podemos configurar un mueble para la televisi\u00f3n, un aparador e incluso una c\u00f3moda para la oficina.<\/p>\n","protected":false},"excerpt":{"rendered":"<p>La colecci\u00f3n Lauki est\u00e1 compuesta de m\u00faltiples cajas que se pueden colocar en el suelo, apilar entre ellas y colgar a la pared. Adem\u00e1s, se ofrecen en una gran cantidad de medidas, acabados y funciones (cajones, puertas, m\u00f3dulos abiertos\u2026). Todo ello permite crear infinidad de configuraciones v\u00e1lidas para cualquier estancia. Por ejemplo, un solo m\u00f3dulo puede ser utilizado como mesilla al lado de una cama o como cajonera para una oficina. Con unos pocos m\u00f3dulos podemos configurar una soluci\u00f3n para el recibidor o cualquier otro rinc\u00f3n de la casa. Y con varios m\u00f3dulos podemos configurar un mueble para la televisi\u00f3n, un aparador e incluso una c\u00f3moda para la oficina.<\/p>\n","protected":false},"featured_media":6896,"comment_status":"open","ping_status":"closed","template":"","meta":{"_acf_changed":false},"product_brand":[],"product_cat":[70],"product_tag":[121],"class_list":{"0":"post-6842","1":"product","2":"type-product","3":"status-publish","4":"has-post-thumbnail","6":"product_cat-aparadores","7":"product_tag-treku","9":"first","10":"instock","11":"shipping-taxable","12":"product-type-simple"},"acf":[],"_links":{"self":[{"href":"https:\/\/masterpiel.com\/esp\/wp-json\/wp\/v2\/product\/6842","targetHints":{"allow":["GET"]}}],"collection":[{"href":"https:\/\/masterpiel.com\/esp\/wp-json\/wp\/v2\/product"}],"about":[{"href":"https:\/\/masterpiel.com\/esp\/wp-json\/wp\/v2\/types\/product"}],"replies":[{"embeddable":true,"href":"https:\/\/masterpiel.com\/esp\/wp-json\/wp\/v2\/comments?post=6842"}],"version-history":[{"count":0,"href":"https:\/\/masterpiel.com\/esp\/wp-json\/wp\/v2\/product\/6842\/revisions"}],"wp:featuredmedia":[{"embeddable":true,"href":"https:\/\/masterpiel.com\/esp\/wp-json\/wp\/v2\/media\/6896"}],"wp:attachment":[{"href":"https:\/\/masterpiel.com\/esp\/wp-json\/wp\/v2\/media?parent=6842"}],"wp:term":[{"taxonomy":"product_brand","embeddable":true,"href":"https:\/\/masterpiel.com\/esp\/wp-json\/wp\/v2\/product_brand?post=6842"},{"taxonomy":"product_cat","embeddable":true,"href":"https:\/\/masterpiel.com\/esp\/wp-json\/wp\/v2\/product_cat?post=6842"},{"taxonomy":"product_tag","embeddable":true,"href":"https:\/\/masterpiel.com\/esp\/wp-json\/wp\/v2\/product_tag?post=6842"}],"curies":[{"name":"wp","href":"https:\/\/api.w.org\/{rel}","templated":true}]}}