{"id":6846,"date":"2025-04-15T08:42:41","date_gmt":"2025-04-15T08:42:41","guid":{"rendered":"https:\/\/masterpiel.com\/sin%20categor\u00eda\/mesas-de-centro-hiru\/"},"modified":"2025-05-14T11:46:45","modified_gmt":"2025-05-14T11:46:45","slug":"mesas-de-centro-hiru","status":"publish","type":"product","link":"https:\/\/masterpiel.com\/esp\/mesas-de-centro\/mesas-de-centro-hiru\/","title":{"rendered":"Mesas de centro Hiru"},"content":{"rendered":"<p>\u2018Hiru\u2019 significa \u2018tres\u2019 en euskera. Tres son los apoyos sobre los que se sustenta este dise\u00f1o del estudio de Manel Molina. Tres son, tambi\u00e9n, los tama\u00f1os y modelos disponibles de esta pieza de mobiliario ideada para ser utilizada como mesita auxiliar o mesita de centro.<\/p>\n","protected":false},"excerpt":{"rendered":"<p>\u2018Hiru\u2019 significa \u2018tres\u2019 en euskera. Tres son los apoyos sobre los que se sustenta este dise\u00f1o del estudio de Manel Molina. Tres son, tambi\u00e9n, los tama\u00f1os y modelos disponibles de esta pieza de mobiliario ideada para ser utilizada como mesita auxiliar o mesita de centro.<\/p>\n","protected":false},"featured_media":6881,"comment_status":"open","ping_status":"closed","template":"","meta":{"_acf_changed":false},"product_brand":[],"product_cat":[123,56],"product_tag":[121],"class_list":{"0":"post-6846","1":"product","2":"type-product","3":"status-publish","4":"has-post-thumbnail","6":"product_cat-mesas-de-centro","7":"product_cat-mesas","8":"product_tag-treku","10":"first","11":"instock","12":"shipping-taxable","13":"product-type-simple"},"acf":[],"_links":{"self":[{"href":"https:\/\/masterpiel.com\/esp\/wp-json\/wp\/v2\/product\/6846","targetHints":{"allow":["GET"]}}],"collection":[{"href":"https:\/\/masterpiel.com\/esp\/wp-json\/wp\/v2\/product"}],"about":[{"href":"https:\/\/masterpiel.com\/esp\/wp-json\/wp\/v2\/types\/product"}],"replies":[{"embeddable":true,"href":"https:\/\/masterpiel.com\/esp\/wp-json\/wp\/v2\/comments?post=6846"}],"version-history":[{"count":0,"href":"https:\/\/masterpiel.com\/esp\/wp-json\/wp\/v2\/product\/6846\/revisions"}],"wp:featuredmedia":[{"embeddable":true,"href":"https:\/\/masterpiel.com\/esp\/wp-json\/wp\/v2\/media\/6881"}],"wp:attachment":[{"href":"https:\/\/masterpiel.com\/esp\/wp-json\/wp\/v2\/media?parent=6846"}],"wp:term":[{"taxonomy":"product_brand","embeddable":true,"href":"https:\/\/masterpiel.com\/esp\/wp-json\/wp\/v2\/product_brand?post=6846"},{"taxonomy":"product_cat","embeddable":true,"href":"https:\/\/masterpiel.com\/esp\/wp-json\/wp\/v2\/product_cat?post=6846"},{"taxonomy":"product_tag","embeddable":true,"href":"https:\/\/masterpiel.com\/esp\/wp-json\/wp\/v2\/product_tag?post=6846"}],"curies":[{"name":"wp","href":"https:\/\/api.w.org\/{rel}","templated":true}]}}