{"id":7018,"date":"2025-08-07T15:08:55","date_gmt":"2025-08-07T15:08:55","guid":{"rendered":"https:\/\/masterpiel.com\/sin%20categor\u00eda\/sofa-anna-stressless\/"},"modified":"2025-08-08T08:17:28","modified_gmt":"2025-08-08T08:17:28","slug":"sofa-anna-stressless","status":"publish","type":"product","link":"https:\/\/masterpiel.com\/esp\/sofas-relax-electrico\/sofa-anna-stressless\/","title":{"rendered":"Sof\u00e1 Anna STRESSLESS"},"content":{"rendered":"<p>Stressless\u00ae Anna es un sof\u00e1 elegante con posibilidad de funcionalidades motorizadas en cada asiento. Puede elegir entre un ajuste manual del reposacabezas o un mecanismo el\u00e9ctrico incorporado que despliega el reposapi\u00e9s integrado y proporciona una posici\u00f3n muy elevada de las piernas, distribuyendo el peso corporal de manera m\u00e1s uniforme para una relajaci\u00f3n m\u00e1xima. El sof\u00e1 Stressless\u00ae Anna tiene una amplia gama de opciones de personalizaci\u00f3n de dise\u00f1o, tama\u00f1o y funcionalidad.<\/p>\n","protected":false},"excerpt":{"rendered":"<p>Stressless\u00ae Anna es un sof\u00e1 elegante con posibilidad de funcionalidades motorizadas en cada asiento. Puede elegir entre un ajuste manual del reposacabezas o un mecanismo el\u00e9ctrico incorporado que despliega el reposapi\u00e9s integrado y proporciona una posici\u00f3n muy elevada de las piernas, distribuyendo el peso corporal de manera m\u00e1s uniforme para una relajaci\u00f3n m\u00e1xima. El sof\u00e1 &hellip;<\/p>\n","protected":false},"featured_media":7058,"comment_status":"open","ping_status":"closed","template":"","meta":{"_acf_changed":false},"product_brand":[124],"product_cat":[54,62],"product_tag":[101,114,63],"class_list":{"0":"post-7018","1":"product","2":"type-product","3":"status-publish","4":"has-post-thumbnail","6":"product_brand-stressless","7":"product_cat-sofas","8":"product_cat-sofas-relax-electrico","9":"product_tag-sofa-relax-electrico","10":"product_tag-sofa-stressless","11":"product_tag-stressless","13":"first","14":"instock","15":"shipping-taxable","16":"product-type-simple"},"acf":[],"_links":{"self":[{"href":"https:\/\/masterpiel.com\/esp\/wp-json\/wp\/v2\/product\/7018","targetHints":{"allow":["GET"]}}],"collection":[{"href":"https:\/\/masterpiel.com\/esp\/wp-json\/wp\/v2\/product"}],"about":[{"href":"https:\/\/masterpiel.com\/esp\/wp-json\/wp\/v2\/types\/product"}],"replies":[{"embeddable":true,"href":"https:\/\/masterpiel.com\/esp\/wp-json\/wp\/v2\/comments?post=7018"}],"version-history":[{"count":0,"href":"https:\/\/masterpiel.com\/esp\/wp-json\/wp\/v2\/product\/7018\/revisions"}],"wp:featuredmedia":[{"embeddable":true,"href":"https:\/\/masterpiel.com\/esp\/wp-json\/wp\/v2\/media\/7058"}],"wp:attachment":[{"href":"https:\/\/masterpiel.com\/esp\/wp-json\/wp\/v2\/media?parent=7018"}],"wp:term":[{"taxonomy":"product_brand","embeddable":true,"href":"https:\/\/masterpiel.com\/esp\/wp-json\/wp\/v2\/product_brand?post=7018"},{"taxonomy":"product_cat","embeddable":true,"href":"https:\/\/masterpiel.com\/esp\/wp-json\/wp\/v2\/product_cat?post=7018"},{"taxonomy":"product_tag","embeddable":true,"href":"https:\/\/masterpiel.com\/esp\/wp-json\/wp\/v2\/product_tag?post=7018"}],"curies":[{"name":"wp","href":"https:\/\/api.w.org\/{rel}","templated":true}]}}