{"id":7029,"date":"2025-08-07T15:09:05","date_gmt":"2025-08-07T15:09:05","guid":{"rendered":"https:\/\/masterpiel.com\/sin%20categor\u00eda\/sillon-tokyo-office-stressless\/"},"modified":"2025-08-08T11:57:15","modified_gmt":"2025-08-08T11:57:15","slug":"sillon-tokyo-office-stressless","status":"publish","type":"product","link":"https:\/\/masterpiel.com\/esp\/sillones-relax-electrico\/sillon-tokyo-office-stressless\/","title":{"rendered":"Sill\u00f3n Tokyo Office STRESSLESS"},"content":{"rendered":"<p>La silla de oficina Stressless Tokyo Home tiene un respaldo delgado con un c\u00f3modo y suave coj\u00edn acolchado. Agregue las conocidas caracter\u00edsticas Stressless y obtendr\u00e1 una silla de aspecto moderno con una comodidad sublime. Este dise\u00f1o est\u00e1 disponible con tres alturas de respaldo diferentes: respaldo bajo, respaldo alto y con reposacabezas ajustable (+ 10 cm). Las ruedas de la base facilitan el movimiento y hay una palanca para ajustar la altura.<\/p>\n","protected":false},"excerpt":{"rendered":"<p>La silla de oficina Stressless Tokyo Home tiene un respaldo delgado con un c\u00f3modo y suave coj\u00edn acolchado. Agregue las conocidas caracter\u00edsticas Stressless y obtendr\u00e1 una silla de aspecto moderno con una comodidad sublime. Este dise\u00f1o est\u00e1 disponible con tres alturas de respaldo diferentes: respaldo bajo, respaldo alto y con reposacabezas ajustable (+ 10 cm). &hellip;<\/p>\n","protected":false},"featured_media":7101,"comment_status":"open","ping_status":"closed","template":"","meta":{"_acf_changed":false},"product_brand":[124],"product_cat":[94,95,60],"product_tag":[113,96,97,63],"class_list":{"0":"post-7029","1":"product","2":"type-product","3":"status-publish","4":"has-post-thumbnail","6":"product_brand-stressless","7":"product_cat-sillones-relax","8":"product_cat-sillones-relax-electrico","9":"product_cat-sillones","10":"product_tag-sillon-stressless","11":"product_tag-sillones-relax","12":"product_tag-sillones-relax-electrico","13":"product_tag-stressless","15":"first","16":"instock","17":"shipping-taxable","18":"product-type-simple"},"acf":[],"_links":{"self":[{"href":"https:\/\/masterpiel.com\/esp\/wp-json\/wp\/v2\/product\/7029","targetHints":{"allow":["GET"]}}],"collection":[{"href":"https:\/\/masterpiel.com\/esp\/wp-json\/wp\/v2\/product"}],"about":[{"href":"https:\/\/masterpiel.com\/esp\/wp-json\/wp\/v2\/types\/product"}],"replies":[{"embeddable":true,"href":"https:\/\/masterpiel.com\/esp\/wp-json\/wp\/v2\/comments?post=7029"}],"version-history":[{"count":0,"href":"https:\/\/masterpiel.com\/esp\/wp-json\/wp\/v2\/product\/7029\/revisions"}],"wp:featuredmedia":[{"embeddable":true,"href":"https:\/\/masterpiel.com\/esp\/wp-json\/wp\/v2\/media\/7101"}],"wp:attachment":[{"href":"https:\/\/masterpiel.com\/esp\/wp-json\/wp\/v2\/media?parent=7029"}],"wp:term":[{"taxonomy":"product_brand","embeddable":true,"href":"https:\/\/masterpiel.com\/esp\/wp-json\/wp\/v2\/product_brand?post=7029"},{"taxonomy":"product_cat","embeddable":true,"href":"https:\/\/masterpiel.com\/esp\/wp-json\/wp\/v2\/product_cat?post=7029"},{"taxonomy":"product_tag","embeddable":true,"href":"https:\/\/masterpiel.com\/esp\/wp-json\/wp\/v2\/product_tag?post=7029"}],"curies":[{"name":"wp","href":"https:\/\/api.w.org\/{rel}","templated":true}]}}