{"id":7130,"date":"2025-08-08T13:00:13","date_gmt":"2025-08-08T13:00:13","guid":{"rendered":"https:\/\/masterpiel.com\/sin%20categor\u00eda\/sofa-houston-natuzzi-editions\/"},"modified":"2025-08-08T13:51:41","modified_gmt":"2025-08-08T13:51:41","slug":"sofa-houston-natuzzi-editions","status":"publish","type":"product","link":"https:\/\/masterpiel.com\/esp\/sofas\/sofa-houston-natuzzi-editions\/","title":{"rendered":"Sof\u00e1 HOUSTON Natuzzi Editions"},"content":{"rendered":"<p>Houston es conocida como la \u00abCiudad del Espacio\u00bb. De su centro espacial despegan multitud de misiones de la NASA. La inspiraci\u00f3n perfecta para nuestro primer sof\u00e1 con el revolucionario mecanismo Dual Power \u00abgravedad cero\u00bb, que recrea la postura adoptada por los astronautas en un entorno de gravedad cero. El movimiento Dual Power activa por separado las diferentes funciones para ajustar el reclinador del asiento y el reposacabezas, para que goce de una comodidad absoluta que beneficia su salud. Revoluci\u00f3n \u00abgravedad cero\u00bb Reduce la presi\u00f3n sobre los discos vertebrales, la tensi\u00f3n muscular y el estr\u00e9s emocional, mejora el flujo sangu\u00edneo y la circulaci\u00f3n, y favorece una postura correcta. Todo esto gracias a una tecnolog\u00eda que le har\u00e1 sentir tan ligero como si flotase por el espacio.<\/p>\n","protected":false},"excerpt":{"rendered":"<p>Houston es conocida como la \u00abCiudad del Espacio\u00bb. De su centro espacial despegan multitud de misiones de la NASA. La inspiraci\u00f3n perfecta para nuestro primer sof\u00e1 con el revolucionario mecanismo Dual Power \u00abgravedad cero\u00bb, que recrea la postura adoptada por los astronautas en un entorno de gravedad cero. El movimiento Dual Power activa por separado &hellip;<\/p>\n","protected":false},"featured_media":7144,"comment_status":"open","ping_status":"closed","template":"","meta":{"_acf_changed":false},"product_brand":[125],"product_cat":[54],"product_tag":[67,86],"class_list":{"0":"post-7130","1":"product","2":"type-product","3":"status-publish","4":"has-post-thumbnail","6":"product_brand-natuzzi","7":"product_cat-sofas","8":"product_tag-natuzzi-editions","9":"product_tag-sofa","11":"first","12":"instock","13":"shipping-taxable","14":"product-type-simple"},"acf":[],"_links":{"self":[{"href":"https:\/\/masterpiel.com\/esp\/wp-json\/wp\/v2\/product\/7130","targetHints":{"allow":["GET"]}}],"collection":[{"href":"https:\/\/masterpiel.com\/esp\/wp-json\/wp\/v2\/product"}],"about":[{"href":"https:\/\/masterpiel.com\/esp\/wp-json\/wp\/v2\/types\/product"}],"replies":[{"embeddable":true,"href":"https:\/\/masterpiel.com\/esp\/wp-json\/wp\/v2\/comments?post=7130"}],"version-history":[{"count":0,"href":"https:\/\/masterpiel.com\/esp\/wp-json\/wp\/v2\/product\/7130\/revisions"}],"wp:featuredmedia":[{"embeddable":true,"href":"https:\/\/masterpiel.com\/esp\/wp-json\/wp\/v2\/media\/7144"}],"wp:attachment":[{"href":"https:\/\/masterpiel.com\/esp\/wp-json\/wp\/v2\/media?parent=7130"}],"wp:term":[{"taxonomy":"product_brand","embeddable":true,"href":"https:\/\/masterpiel.com\/esp\/wp-json\/wp\/v2\/product_brand?post=7130"},{"taxonomy":"product_cat","embeddable":true,"href":"https:\/\/masterpiel.com\/esp\/wp-json\/wp\/v2\/product_cat?post=7130"},{"taxonomy":"product_tag","embeddable":true,"href":"https:\/\/masterpiel.com\/esp\/wp-json\/wp\/v2\/product_tag?post=7130"}],"curies":[{"name":"wp","href":"https:\/\/api.w.org\/{rel}","templated":true}]}}