{"id":7688,"date":"2025-10-08T17:48:50","date_gmt":"2025-10-08T17:48:50","guid":{"rendered":"https:\/\/masterpiel.com\/?post_type=product&#038;p=7688"},"modified":"2025-10-13T07:46:12","modified_gmt":"2025-10-13T07:46:12","slug":"aparador-cross-mobenia","status":"publish","type":"product","link":"https:\/\/masterpiel.com\/esp\/aparadores\/aparador-cross-mobenia\/","title":{"rendered":"APARADOR CROSS MOBENIA"},"content":{"rendered":"","protected":false},"excerpt":{"rendered":"<p>L\u00ednea de contenedores de estilo sobrio y racional caracterizado por un impactante frontal. Superficies exquisitas y funcionales que rememoran bajorrelieves mediante superficies expresivas, arm\u00f3nicas, en\u00e9rgicas y con un sentido innato de las proporciones. Dise\u00f1o funcional que ofrece soluciones elegantes y po\u00e9ticas resultado de las \u00e1reas bidimensionales traducidas en texturas en tres dimensiones, lo que da forma a los nuevos elementos de dise\u00f1o, cuyo contenido est\u00e9tico funcional permite soluciones para espacios abiertos.<\/p>\n","protected":false},"featured_media":7743,"comment_status":"open","ping_status":"closed","template":"","meta":{"_acf_changed":false},"product_brand":[145],"product_cat":[70],"product_tag":[134,146],"class_list":{"0":"post-7688","1":"product","2":"type-product","3":"status-publish","4":"has-post-thumbnail","6":"product_brand-mobenia","7":"product_cat-aparadores","8":"product_tag-aparador-mobenia","9":"product_tag-mobenia","11":"first","12":"instock","13":"shipping-taxable","14":"product-type-simple"},"acf":[],"_links":{"self":[{"href":"https:\/\/masterpiel.com\/esp\/wp-json\/wp\/v2\/product\/7688","targetHints":{"allow":["GET"]}}],"collection":[{"href":"https:\/\/masterpiel.com\/esp\/wp-json\/wp\/v2\/product"}],"about":[{"href":"https:\/\/masterpiel.com\/esp\/wp-json\/wp\/v2\/types\/product"}],"replies":[{"embeddable":true,"href":"https:\/\/masterpiel.com\/esp\/wp-json\/wp\/v2\/comments?post=7688"}],"version-history":[{"count":0,"href":"https:\/\/masterpiel.com\/esp\/wp-json\/wp\/v2\/product\/7688\/revisions"}],"wp:featuredmedia":[{"embeddable":true,"href":"https:\/\/masterpiel.com\/esp\/wp-json\/wp\/v2\/media\/7743"}],"wp:attachment":[{"href":"https:\/\/masterpiel.com\/esp\/wp-json\/wp\/v2\/media?parent=7688"}],"wp:term":[{"taxonomy":"product_brand","embeddable":true,"href":"https:\/\/masterpiel.com\/esp\/wp-json\/wp\/v2\/product_brand?post=7688"},{"taxonomy":"product_cat","embeddable":true,"href":"https:\/\/masterpiel.com\/esp\/wp-json\/wp\/v2\/product_cat?post=7688"},{"taxonomy":"product_tag","embeddable":true,"href":"https:\/\/masterpiel.com\/esp\/wp-json\/wp\/v2\/product_tag?post=7688"}],"curies":[{"name":"wp","href":"https:\/\/api.w.org\/{rel}","templated":true}]}}